72 is divided by 30?
22
What is the remainder when 1149 is divided by 409?
331
Calculate the remainder when 34824 is divided by 354.
132
Calculate the remainder when 18638 is divided by 6197.
47
What is the remainder when 37694 is divided by 18804?
86
Calculate the remainder when 691 is divided by 47.
33
What is the remainder when 369900 is divided by 16?
12
Calculate the remainder when 101490 is divided by 69.
60
Calculate the remainder when 43649 is divided by 126.
53
Calculate the remainder when 22927 is divided by 3820.
7
Calculate the remainder when 2836 is divided by 579.
520
Calculate the remainder when 4147645 is divided by 1832.
1829
What is the remainder when 12387 is divided by 197?
173
Calculate the remainder when 74173 is divided by 22.
11
What is the remainder when 78106 is divided by 98?
0
What is the remainder when 305800 is divided by 14?
12
What is the remainder when 44569 is divided by 3177?
91
What is the remainder when 192839 is divided by 157?
43
Calculate the remainder when 98735 is divided by 3.
2
Calculate the remainder when 84523 is divided by 21128.
11
Calculate the remainder when 20619 is divided by 337.
62
Calculate the remainder when 114891 is divided by 109.
5
What is the remainder when 138675 is divided by 7?
5
Calculate the remainder when 7239 is divided by 213.
210
Calculate the remainder when 138690 is divided by 69343.
4
Calculate the remainder when 2553 is divided by 1230.
93
Calculate the remainder when 15511 is divided by 5137.
100
Calculate the remainder when 48801 is divided by 16245.
66
Calculate the remainder when 15031 is divided by 7487.
57
What is the remainder when 17301 is divided by 823?
18
Calculate the remainder when 168905 is divided by 6.
5
Calculate the remainder when 2266 is divided by 57.
43
What is the remainder when 1139 is divided by 69?
35
Calculate the remainder when 31557 is divided by 40.
37
What is the remainder when 24750 is divided by 4949?
5
Calculate the remainder when 65 is divided by 61.
4
What is the remainder when 2701 is divided by 15?
1
Calculate the remainder when 28387 is divided by 251.
24
Calculate the remainder when 27025 is divided by 92.
69
Calculate the remainder when 409086 is divided by 22.
18
Calculate the remainder when 194049 is divided by 143.
141
What is the remainder when 120809 is divided by 11?
7
What is the remainder when 6180 is divided by 2021?
117
Calculate the remainder when 240 is divided by 136.
104
What is the remainder when 24031 is divided by 308?
7
Calculate the remainder when 1170 is divided by 614.
556
Calculate the remainder when 12648 is divided by 1405.
3
Calculate the remainder when 6006 is divided by 1610.
1176
Calculate the remainder when 18446 is divided by 1195.
521
What is the remainder when 201962 is divided by 31?
28
Calculate the remainder when 230613 is divided by 36.
33
What is the remainder when 4949 is divided by 808?
101
Calculate the remainder when 1382 is divided by 393.
203
Calculate the remainder when 579613 is divided by 319.
309
What is the remainder when 1056066 is divided by 237?
231
What is the remainder when 111899 is divided by 6?
5
What is the remainder when 23261 is divided by 5813?
9
Calculate the remainder when 3869 is divided by 125.
119
Calculate the remainder when 12493 is divided by 130.
13
Calculate the remainder when 2906 is divided by 318.
44
Calculate the remainder when 21968 is divided by 343.
16
What is the remainder when 325038 is divided by 97?
88
Calculate the remainder when 43217 is divided by 8630.
67
What is the remainder when 4050 is divided by 170?
140
What is the remainder when 8381 is divided by 69?
32
What is the remainder when 32700 is divided by 32697?
3
Calculate the remainder when 228123 is divided by 53.
11
Calculate the remainder when 40136 is divided by 4458.
14
Calculate the remainder when 7592 is divided by 9.
5
What is the remainder when 113903 is divided by 168?
167
Calculate the remainder when 21339 is divided by 16.
11
Calculate the remainder when 5129 is divided by 396.
377
What is the remainder when 185653 is divided by 194?
189
What is the remainder when 3217 is divided by 480?
337
What is the remainder when 805 is divided by 210?
175
Calculate the remainder when 23695 is divided by 7881.
52
Calculate the remainder when 589069 is divided by 12533.
18
What is the remainder when 1076 is divided by 1012?
64
What is the remainder when 17785 is divided by 30?
25
What is the remainder when 165488 is divided by 67?
65
Calculate the remainder when 16468 is divided by 966.
46
What is the remainder when 760 is divided by 96?
88
Calculate the remainder when 99937 is divided by 261.
235
Calculate the remainder when 30160 is divided by 387.
361
Calculate the remainder when 11227 is divided by 27.
22
Calculate the remainder when 3418084 is divided by 97.
95
Calculate the remainder when 115743 is divided by 48.
15
What is the remainder when 1052 is divided by 48?
44
What is the remainder when 246363 is divided by 262?
83
What is the remainder when 28526 is divided by 242?
212
Calculate the remainder when 57793 is divided by 57778.
15
Calculate the remainder when 74762 is divided by 3934.
16
What is the remainder when 170502 is divided by 42618?
30
What is the remainder when 4498269 is divided by 358?
357
Calculate the remainder when 4341 is divided by 1260.
561
Calculate the remainder when 122134 is divided by 353.
349
What is the remainder when 62817 is divided by 11?
7
Calculate the remainder when 11877 is divided by 1077.
30
Calculate the remainder when 15416 is divided by 3080.
16
Calculate the remainder when 5220717 is divided by 180.
177
Calculate the remainder when 250491 is divided by 1228.
1207
What is the remainder when 3204 is divided by 399?
12
Calculate the remainder when 22513 is divided by 433.
430
Calculate the remainder when 82734 is divided by 27529.
147
Calculate the remainder when 1204 is divided by 907.
297
Calculate the remainder when 71826 is divided by 11.
7
Calculate the remainder when 314859 is divided by 35.
34
What is the remainder when 105109 is divided by 153?
151
What is the remainder when 5174 is divided by 2287?
600
What is the remainder when 248128 is divided by 27?
25
What is the remainder when 602362 is divided by 12?
10
Calculate the remainder when 4213466 is divided by 29.
27
Calculate the remainder when 53354 is divided by 1.
0
Calculate the remainder when 2725 is divided by 211.
193
What is the remainder when 2876 is divided by 98?
34
Calculate the remainder when 23586 is divided by 786.
6
Calculate the remainder when 744353 is divided by 26.
25
Calculate the remainder when 9556 is divided by 37.
10
Calculate the remainder when 1614585 is divided by 1484.
1477
What is the remainder when 2515 is divided by 295?
155
What is the remainder when 38228 is divided by 608?
532
What is the remainder when 123715 is divided by 17?
6
Calculate the remainder when 76101 is divided by 20.
1
Calculate the remainder when 983 is divided by 896.
87
What is the remainder when 41854 is divided by 92?
86
What is the remainder when 3416 is divided by 94?
32
What is the remainder when 78503 is divided by 429?
425
What is the remainder when 56979 is divided by 259?
258
Calculate the remainder when 1216 is divided by 322.
250
What is the remainder when 46549 is divided by 34?
3
Calculate the remainder when 6510 is divided by 6472.
38
Calculate the remainder when 4210 is divided by 2100.
10
Calculate the remainder when 15756 is divided by 49.
27
Calculate the remainder when 1385 is divided by 974.
411
Calculate the remainder when 317367 is divided by 11.
6
What is the remainder when 1626 is divided by 24?
18
What is the remainder when 621 is divided by 153?
9
Calculate the remainder when 1604 is divided by 381.
80
Calculate the remainder when 1165530 is divided by 83252.
2
What is the remainder when 22369 is divided by 79?
12
What is the remainder when 963551 is divided by 5?
1
What is the remainder when 47180 is divided by 12?
8
What is the remainder when 268861 is divided by 38408?
5
Calculate the remainder when 33133 is divided by 235.
233
Calculate the remainder when 12760 is divided by 154.
132
What is the remainder when 3265 is divided by 926?
487
Calculate the re